{"id":525,"date":"2022-07-31T16:17:30","date_gmt":"2022-07-31T14:17:30","guid":{"rendered":"https:\/\/augredusoleil.com\/?page_id=525"},"modified":"2022-08-11T16:11:05","modified_gmt":"2022-08-11T14:11:05","slug":"qui-sommes-nous","status":"publish","type":"page","link":"https:\/\/augredusoleil.com\/index.php\/a-propos\/qui-sommes-nous\/","title":{"rendered":"QUI SOMMES NOUS ?"},"content":{"rendered":"\n<figure class=\"wp-block-gallery has-nested-images columns-default is-cropped wp-block-gallery-1 is-layout-flex wp-block-gallery-is-layout-flex\">\n<figure class=\"wp-block-image size-large\"><img loading=\"lazy\" decoding=\"async\" width=\"1024\" height=\"577\" data-id=\"616\" data-src=\"https:\/\/augredusoleil.com\/wp-content\/uploads\/2022\/08\/P1002508-1024x577.jpg\" alt=\"\" class=\"wp-image-616 lazyload\" data-srcset=\"https:\/\/augredusoleil.com\/wp-content\/uploads\/2022\/08\/P1002508-1024x577.jpg 1024w, https:\/\/augredusoleil.com\/wp-content\/uploads\/2022\/08\/P1002508-300x169.jpg 300w, https:\/\/augredusoleil.com\/wp-content\/uploads\/2022\/08\/P1002508-150x84.jpg 150w, https:\/\/augredusoleil.com\/wp-content\/uploads\/2022\/08\/P1002508-768x433.jpg 768w, https:\/\/augredusoleil.com\/wp-content\/uploads\/2022\/08\/P1002508-1536x865.jpg 1536w, https:\/\/augredusoleil.com\/wp-content\/uploads\/2022\/08\/P1002508-2048x1154.jpg 2048w\" data-sizes=\"auto, (max-width: 1024px) 100vw, 1024px\" src=\"data:image\/gif;base64,R0lGODlhAQABAAAAACH5BAEKAAEALAAAAAABAAEAAAICTAEAOw==\" style=\"--smush-placeholder-width: 1024px; --smush-placeholder-aspect-ratio: 1024\/577;\" \/><noscript><img loading=\"lazy\" decoding=\"async\" width=\"1024\" height=\"577\" data-id=\"616\" src=\"https:\/\/augredusoleil.com\/wp-content\/uploads\/2022\/08\/P1002508-1024x577.jpg\" alt=\"\" class=\"wp-image-616\" srcset=\"https:\/\/augredusoleil.com\/wp-content\/uploads\/2022\/08\/P1002508-1024x577.jpg 1024w, https:\/\/augredusoleil.com\/wp-content\/uploads\/2022\/08\/P1002508-300x169.jpg 300w, https:\/\/augredusoleil.com\/wp-content\/uploads\/2022\/08\/P1002508-150x84.jpg 150w, https:\/\/augredusoleil.com\/wp-content\/uploads\/2022\/08\/P1002508-768x433.jpg 768w, https:\/\/augredusoleil.com\/wp-content\/uploads\/2022\/08\/P1002508-1536x865.jpg 1536w, https:\/\/augredusoleil.com\/wp-content\/uploads\/2022\/08\/P1002508-2048x1154.jpg 2048w\" sizes=\"auto, (max-width: 1024px) 100vw, 1024px\" \/><\/noscript><\/figure>\n<\/figure>\n\n\n\n<p><\/p>\n\n\n\n<p class=\"has-regular-font-size\">Bertrand et Val\u00e9rie, 54 ans.  Parents de Brieuc, S\u00e9bastien et Coralie, d\u00e9j\u00e0 bien grands.  Nous avons ensemble et chacun s\u00e9par\u00e9ment, des exp\u00e9riences de voyages \u00e0 v\u00e9lo diverses.  La derni\u00e8re en date \u00e9tant une participation au Sun Trip Europe 2021.<\/p>\n\n\n\n<p class=\"has-regular-font-size\">Ce projet-ci est de partir 1 an \u00e0 la d\u00e9couverte des Am\u00e9riques \u00e0 v\u00e9lo.  De prendre le temps, \u00e0 2.<\/p>\n\n\n\n<p class=\"has-regular-font-size\">L&rsquo;objectif premier n&rsquo;est pas un d\u00e9fi sportif mais nous avons tout de m\u00eame envie de nous surpasser, c&rsquo;est pourquoi nous avons d\u00e9cid\u00e9 de faire ce voyage \u00e0 v\u00e9lo. Ce dernier nous permet d\u2019avancer de mani\u00e8re significative en 1 journ\u00e9e, tout en appr\u00e9ciant r\u00e9ellement le paysage.<\/p>\n\n\n\n<p class=\"has-regular-font-size\">\u00ab\u00a0Envie d\u2019aller voir et sentir comment c\u2019est l\u00e0-bas\u00a0\u00bb<\/p>\n\n\n\n<p class=\"has-regular-font-size\">Le voyage \u00e0 v\u00e9lo c&rsquo;est accepter l&rsquo;impr\u00e9vu, s&rsquo;adapter \u00e0 l&rsquo;environnement.  Par cons\u00e9quent, nous nous \u00e9couterons, nous arr\u00eaterons et oserons m\u00eame quitter nos v\u00e9los pendant quelques temps si le besoin se fait ressentir.  <\/p>\n","protected":false},"excerpt":{"rendered":"<p>Bertrand et Val\u00e9rie, 54 ans. Parents de Brieuc, S\u00e9bastien et Coralie, d\u00e9j\u00e0 bien grands. Nous avons ensemble et chacun s\u00e9par\u00e9ment, des exp\u00e9riences de voyages \u00e0 v\u00e9lo diverses. La derni\u00e8re en [&hellip;]<\/p>\n","protected":false},"author":3,"featured_media":0,"parent":532,"menu_order":0,"comment_status":"closed","ping_status":"closed","template":"","meta":{"footnotes":""},"class_list":["post-525","page","type-page","status-publish","hentry"],"yoast_head":"<!-- This site is optimized with the Yoast SEO plugin v23.6 - https:\/\/yoast.com\/wordpress\/plugins\/seo\/ -->\n<title>QUI SOMMES NOUS ? - Au gr\u00e9 du soleil<\/title>\n<meta name=\"robots\" content=\"index, follow, max-snippet:-1, max-image-preview:large, max-video-preview:-1\" \/>\n<link rel=\"canonical\" href=\"https:\/\/augredusoleil.com\/index.php\/a-propos\/qui-sommes-nous\/\" \/>\n<meta property=\"og:locale\" content=\"fr_FR\" \/>\n<meta property=\"og:type\" content=\"article\" \/>\n<meta property=\"og:title\" content=\"QUI SOMMES NOUS ? - Au gr\u00e9 du soleil\" \/>\n<meta property=\"og:description\" content=\"Bertrand et Val\u00e9rie, 54 ans. Parents de Brieuc, S\u00e9bastien et Coralie, d\u00e9j\u00e0 bien grands. Nous avons ensemble et chacun s\u00e9par\u00e9ment, des exp\u00e9riences de voyages \u00e0 v\u00e9lo diverses. La derni\u00e8re en [&hellip;]\" \/>\n<meta property=\"og:url\" content=\"https:\/\/augredusoleil.com\/index.php\/a-propos\/qui-sommes-nous\/\" \/>\n<meta property=\"og:site_name\" content=\"Au gr\u00e9 du soleil\" \/>\n<meta property=\"article:modified_time\" content=\"2022-08-11T14:11:05+00:00\" \/>\n<meta property=\"og:image\" content=\"https:\/\/augredusoleil.com\/wp-content\/uploads\/2022\/08\/P1002508-1024x577.jpg\" \/>\n<meta name=\"twitter:card\" content=\"summary_large_image\" \/>\n<meta name=\"twitter:label1\" content=\"Dur\u00e9e de lecture estim\u00e9e\" \/>\n\t<meta name=\"twitter:data1\" content=\"1 minute\" \/>\n<script type=\"application\/ld+json\" class=\"yoast-schema-graph\">{\"@context\":\"https:\/\/schema.org\",\"@graph\":[{\"@type\":\"WebPage\",\"@id\":\"https:\/\/augredusoleil.com\/index.php\/a-propos\/qui-sommes-nous\/\",\"url\":\"https:\/\/augredusoleil.com\/index.php\/a-propos\/qui-sommes-nous\/\",\"name\":\"QUI SOMMES NOUS ? - Au gr\u00e9 du soleil\",\"isPartOf\":{\"@id\":\"https:\/\/augredusoleil.com\/#website\"},\"primaryImageOfPage\":{\"@id\":\"https:\/\/augredusoleil.com\/index.php\/a-propos\/qui-sommes-nous\/#primaryimage\"},\"image\":{\"@id\":\"https:\/\/augredusoleil.com\/index.php\/a-propos\/qui-sommes-nous\/#primaryimage\"},\"thumbnailUrl\":\"https:\/\/augredusoleil.com\/wp-content\/uploads\/2022\/08\/P1002508-1024x577.jpg\",\"datePublished\":\"2022-07-31T14:17:30+00:00\",\"dateModified\":\"2022-08-11T14:11:05+00:00\",\"breadcrumb\":{\"@id\":\"https:\/\/augredusoleil.com\/index.php\/a-propos\/qui-sommes-nous\/#breadcrumb\"},\"inLanguage\":\"fr-FR\",\"potentialAction\":[{\"@type\":\"ReadAction\",\"target\":[\"https:\/\/augredusoleil.com\/index.php\/a-propos\/qui-sommes-nous\/\"]}]},{\"@type\":\"ImageObject\",\"inLanguage\":\"fr-FR\",\"@id\":\"https:\/\/augredusoleil.com\/index.php\/a-propos\/qui-sommes-nous\/#primaryimage\",\"url\":\"https:\/\/augredusoleil.com\/wp-content\/uploads\/2022\/08\/P1002508-1024x577.jpg\",\"contentUrl\":\"https:\/\/augredusoleil.com\/wp-content\/uploads\/2022\/08\/P1002508-1024x577.jpg\"},{\"@type\":\"BreadcrumbList\",\"@id\":\"https:\/\/augredusoleil.com\/index.php\/a-propos\/qui-sommes-nous\/#breadcrumb\",\"itemListElement\":[{\"@type\":\"ListItem\",\"position\":1,\"name\":\"Accueil\",\"item\":\"https:\/\/augredusoleil.com\/\"},{\"@type\":\"ListItem\",\"position\":2,\"name\":\"LE PROJET\",\"item\":\"https:\/\/augredusoleil.com\/index.php\/a-propos\/\"},{\"@type\":\"ListItem\",\"position\":3,\"name\":\"QUI SOMMES NOUS ?\"}]},{\"@type\":\"WebSite\",\"@id\":\"https:\/\/augredusoleil.com\/#website\",\"url\":\"https:\/\/augredusoleil.com\/\",\"name\":\"Au gr\u00e9 du soleil\",\"description\":\"\",\"publisher\":{\"@id\":\"https:\/\/augredusoleil.com\/#organization\"},\"potentialAction\":[{\"@type\":\"SearchAction\",\"target\":{\"@type\":\"EntryPoint\",\"urlTemplate\":\"https:\/\/augredusoleil.com\/?s={search_term_string}\"},\"query-input\":{\"@type\":\"PropertyValueSpecification\",\"valueRequired\":true,\"valueName\":\"search_term_string\"}}],\"inLanguage\":\"fr-FR\"},{\"@type\":\"Organization\",\"@id\":\"https:\/\/augredusoleil.com\/#organization\",\"name\":\"Au gr\u00e9 du soleil\",\"url\":\"https:\/\/augredusoleil.com\/\",\"logo\":{\"@type\":\"ImageObject\",\"inLanguage\":\"fr-FR\",\"@id\":\"https:\/\/augredusoleil.com\/#\/schema\/logo\/image\/\",\"url\":\"https:\/\/augredusoleil.com\/wp-content\/uploads\/2022\/07\/Capture-de\u0301cran-2022-07-31-a\u0300-15.59.58.png\",\"contentUrl\":\"https:\/\/augredusoleil.com\/wp-content\/uploads\/2022\/07\/Capture-de\u0301cran-2022-07-31-a\u0300-15.59.58.png\",\"width\":672,\"height\":672,\"caption\":\"Au gr\u00e9 du soleil\"},\"image\":{\"@id\":\"https:\/\/augredusoleil.com\/#\/schema\/logo\/image\/\"}}]}<\/script>\n<!-- \/ Yoast SEO plugin. -->","yoast_head_json":{"title":"QUI SOMMES NOUS ? - Au gr\u00e9 du soleil","robots":{"index":"index","follow":"follow","max-snippet":"max-snippet:-1","max-image-preview":"max-image-preview:large","max-video-preview":"max-video-preview:-1"},"canonical":"https:\/\/augredusoleil.com\/index.php\/a-propos\/qui-sommes-nous\/","og_locale":"fr_FR","og_type":"article","og_title":"QUI SOMMES NOUS ? - Au gr\u00e9 du soleil","og_description":"Bertrand et Val\u00e9rie, 54 ans. Parents de Brieuc, S\u00e9bastien et Coralie, d\u00e9j\u00e0 bien grands. Nous avons ensemble et chacun s\u00e9par\u00e9ment, des exp\u00e9riences de voyages \u00e0 v\u00e9lo diverses. La derni\u00e8re en [&hellip;]","og_url":"https:\/\/augredusoleil.com\/index.php\/a-propos\/qui-sommes-nous\/","og_site_name":"Au gr\u00e9 du soleil","article_modified_time":"2022-08-11T14:11:05+00:00","og_image":[{"url":"https:\/\/augredusoleil.com\/wp-content\/uploads\/2022\/08\/P1002508-1024x577.jpg"}],"twitter_card":"summary_large_image","twitter_misc":{"Dur\u00e9e de lecture estim\u00e9e":"1 minute"},"schema":{"@context":"https:\/\/schema.org","@graph":[{"@type":"WebPage","@id":"https:\/\/augredusoleil.com\/index.php\/a-propos\/qui-sommes-nous\/","url":"https:\/\/augredusoleil.com\/index.php\/a-propos\/qui-sommes-nous\/","name":"QUI SOMMES NOUS ? - Au gr\u00e9 du soleil","isPartOf":{"@id":"https:\/\/augredusoleil.com\/#website"},"primaryImageOfPage":{"@id":"https:\/\/augredusoleil.com\/index.php\/a-propos\/qui-sommes-nous\/#primaryimage"},"image":{"@id":"https:\/\/augredusoleil.com\/index.php\/a-propos\/qui-sommes-nous\/#primaryimage"},"thumbnailUrl":"https:\/\/augredusoleil.com\/wp-content\/uploads\/2022\/08\/P1002508-1024x577.jpg","datePublished":"2022-07-31T14:17:30+00:00","dateModified":"2022-08-11T14:11:05+00:00","breadcrumb":{"@id":"https:\/\/augredusoleil.com\/index.php\/a-propos\/qui-sommes-nous\/#breadcrumb"},"inLanguage":"fr-FR","potentialAction":[{"@type":"ReadAction","target":["https:\/\/augredusoleil.com\/index.php\/a-propos\/qui-sommes-nous\/"]}]},{"@type":"ImageObject","inLanguage":"fr-FR","@id":"https:\/\/augredusoleil.com\/index.php\/a-propos\/qui-sommes-nous\/#primaryimage","url":"https:\/\/augredusoleil.com\/wp-content\/uploads\/2022\/08\/P1002508-1024x577.jpg","contentUrl":"https:\/\/augredusoleil.com\/wp-content\/uploads\/2022\/08\/P1002508-1024x577.jpg"},{"@type":"BreadcrumbList","@id":"https:\/\/augredusoleil.com\/index.php\/a-propos\/qui-sommes-nous\/#breadcrumb","itemListElement":[{"@type":"ListItem","position":1,"name":"Accueil","item":"https:\/\/augredusoleil.com\/"},{"@type":"ListItem","position":2,"name":"LE PROJET","item":"https:\/\/augredusoleil.com\/index.php\/a-propos\/"},{"@type":"ListItem","position":3,"name":"QUI SOMMES NOUS ?"}]},{"@type":"WebSite","@id":"https:\/\/augredusoleil.com\/#website","url":"https:\/\/augredusoleil.com\/","name":"Au gr\u00e9 du soleil","description":"","publisher":{"@id":"https:\/\/augredusoleil.com\/#organization"},"potentialAction":[{"@type":"SearchAction","target":{"@type":"EntryPoint","urlTemplate":"https:\/\/augredusoleil.com\/?s={search_term_string}"},"query-input":{"@type":"PropertyValueSpecification","valueRequired":true,"valueName":"search_term_string"}}],"inLanguage":"fr-FR"},{"@type":"Organization","@id":"https:\/\/augredusoleil.com\/#organization","name":"Au gr\u00e9 du soleil","url":"https:\/\/augredusoleil.com\/","logo":{"@type":"ImageObject","inLanguage":"fr-FR","@id":"https:\/\/augredusoleil.com\/#\/schema\/logo\/image\/","url":"https:\/\/augredusoleil.com\/wp-content\/uploads\/2022\/07\/Capture-de\u0301cran-2022-07-31-a\u0300-15.59.58.png","contentUrl":"https:\/\/augredusoleil.com\/wp-content\/uploads\/2022\/07\/Capture-de\u0301cran-2022-07-31-a\u0300-15.59.58.png","width":672,"height":672,"caption":"Au gr\u00e9 du soleil"},"image":{"@id":"https:\/\/augredusoleil.com\/#\/schema\/logo\/image\/"}}]}},"_links":{"self":[{"href":"https:\/\/augredusoleil.com\/index.php\/wp-json\/wp\/v2\/pages\/525","targetHints":{"allow":["GET"]}}],"collection":[{"href":"https:\/\/augredusoleil.com\/index.php\/wp-json\/wp\/v2\/pages"}],"about":[{"href":"https:\/\/augredusoleil.com\/index.php\/wp-json\/wp\/v2\/types\/page"}],"author":[{"embeddable":true,"href":"https:\/\/augredusoleil.com\/index.php\/wp-json\/wp\/v2\/users\/3"}],"replies":[{"embeddable":true,"href":"https:\/\/augredusoleil.com\/index.php\/wp-json\/wp\/v2\/comments?post=525"}],"version-history":[{"count":10,"href":"https:\/\/augredusoleil.com\/index.php\/wp-json\/wp\/v2\/pages\/525\/revisions"}],"predecessor-version":[{"id":649,"href":"https:\/\/augredusoleil.com\/index.php\/wp-json\/wp\/v2\/pages\/525\/revisions\/649"}],"up":[{"embeddable":true,"href":"https:\/\/augredusoleil.com\/index.php\/wp-json\/wp\/v2\/pages\/532"}],"wp:attachment":[{"href":"https:\/\/augredusoleil.com\/index.php\/wp-json\/wp\/v2\/media?parent=525"}],"curies":[{"name":"wp","href":"https:\/\/api.w.org\/{rel}","templated":true}]}}